*n + 4. Let m be x(b). Suppose m*c - 3*o = 3*c - 5694, 5*c - 9480 = 5*o. Is c prime?
False
Suppose -16940*v + 16951*v - 636251 = 0. Is v a composite number?
True
Suppose -252*r = -6084074 - 18660058. Is r composite?
True
Let m(z) = -13226*z - 19. Let y be m(-2). Suppose -4*p + y = 9125. Is p a prime number?
True
Suppose 1715 = 4*y + y. Suppose -y = -3*w + 65. Suppose w = 3*z - 419. Is z composite?
True
Suppose -5*p = -4*t - 3918, 4*p - 5*t = 3788 - 659. Suppose 0 = 4*u - n - 4, -15 = -5*u + 3*n - 3. Suppose b = -d + 260, -3*b + u*d - 5*d = -p. Is b prime?
True
Suppose 13*k + 9 + 17 = 0. Let s(o) = -225*o + 3. Let p be s(k). Let y = -252 + p. Is y a prime number?
False
Suppose -257*o - 13042275 = -176*o - 156*o. Is o a composite number?
False
Let f = -2491159 + 4249392. Is f composite?
False
Is -13 - (-266492*5)/17 prime?
True
Let o(f) = 18*f**3 - 3*f**2 + 3*f + 4. Let m be o(4). Suppose -24*u + 7*u + 391 = 0. Let c = m - u. Is c a prime number?
True
Let l be (5 + -3)/(0/(-1) - 2). Let v be (l - 144)*(6 + -1)/5. Let k = v + 531. Is k composite?
True
Suppose 0 = -14*p + 575030 + 487248. Is p a prime number?
False
Let r = 141 + -77. Let n(t) = -r*t + 111*t + 35*t + 73*t - 12. Is n(2) a prime number?
False
Suppose -5*n + 34 = 19. Let g(y) = y**3 - 3*y**2 + y + 7. Let c be g(n). Suppose c*h = 1409 + 2681. Is h a composite number?
False
Suppose -49 = 5*x - 74. Suppose 0*r + 5*f + 6881 = 2*r, -17180 = -x*r + 5*f. Is r composite?
False
Let q(h) = 24*h**3 - 2*h**2 + 19*h + 30. Let t be q(24). Is t/273 - 1/(-7) a composite number?
False
Let m(b) = 980*b - 19. Suppose 15 + 0 = 3*h, 4*h - 5 = 5*c. Is m(c) a composite number?
True
Let x = 95973 - -56148. Is x a prime number?
False
Suppose -1057 = -4*k + 5*k. Let m = k + 2394. Is m a composite number?
True
Let z(q) = 40*q**2 + 17*q + 1. Suppose -2*l + 10 - 18 = 0. Is z(l) prime?
False
Let i be 10/(20/(-6)) + 24/2. Suppose 8116 = -i*b + 131542. Is b/10 - (-2)/(-5) composite?
True
Suppose -98*s - 483875 = -363*s + 2042370. Is s a prime number?
True
Suppose -4*v + 36 = 4*p - 28, 2*p = -4*v + 30. Suppose -24*o + p*o = -2219. Is o prime?
True
Let t(v) = 212*v**2 - 3*v - 78. Let f be 15/90 + (129/(-18))/1. Is t(f) a composite number?
False
Suppose -2*u - 133*p + 109130 = -129*p, 2*p + 218190 = 4*u. Is u a prime number?
False
Is (-103414)/(-4)*(-154)/(-77) a composite number?
True
Let a = -936369 + 1478852. Is a composite?
False
Let y(l) = -22*l - 7. Let r be y(-2). Let p be r/5 + 18/30 + -1. Suppose -p*u + 6*u + 369 = -i, u = -2*i + 381. Is u a composite number?
False
Let v(w) = -31*w + 23. Let p be v(-6). Suppose b = 404 + p. Is b a prime number?
True
Suppose 5*w + f = 185336, -4*w + 64176 + 84089 = -3*f. Suppose -6*r + r + 4*q = -w, r + 2*q - 7419 = 0. Is r prime?
False
Let h = -86 + 90. Suppose 2*w = -v - 2*w + 1409, 0 = h*w. Is v composite?
False
Let p(a) = -a**2 + 12*a + 8. Let y be p(12). Let h be (-3 + -3 + 5)*y. Let k = h - -273. Is k a prime number?
False
Let d(p) = 20913*p - 5713. Is d(10) composite?
False
Suppose -4625922 = -71*y + 1130119. Is y composite?
False
Suppose u = i - 2*i + 33, 60 = 2*u + 5*i. Suppose -3*f + k = u, 0*f = -2*f + k - 22. Is 18213/f*1/(-3) prime?
True
Let u(b) = 2458*b**2 + 2*b - 7. Let g(i) = 1. Let r(a) = 6*g(a) + u(a). Is r(-1) a composite number?
True
Let g(z) = -z**3 + z**2 - 3*z - 30. Let b be g(0). Is (24735/b)/(3/(-6)) composite?
True
Let b(o) = 11*o**3 + 12*o**2 - 20*o + 1. Let m be b(6). Let h = -1788 + m. Is h prime?
False
Suppose 5*p - 2*k - 4239291 = 0, 1695743 = 2*p + 55*k - 52*k. Is p prime?
False
Is ((-2)/(-3))/((-8396502)/(-524781) - 16) a prime number?
True
Let w(p) = 51*p**3 + 3*p**2 - 2*p. Let l(x) = x**2 - x - 1. Let t be l(-1). Let s be w(t). Is (-26)/s - (-2957)/2 composite?
True
Suppose 0 = 48*b - 1725751 - 503321. Is b a prime number?
True
Let v(j) = 60*j - 5. Let r be v(0). Suppose -5 = -s + 15. Is 1/1 - (-617 - s/r) prime?
False
Let m be (-22)/6 - 38/(-57). Let a be 2/4*m*(-14930)/15. Let g = 2422 - a. Is g a composite number?
False
Suppose 0 = 10*l - 17*l. Suppose 9*f - 21*f + 39180 = l. Is f a prime number?
False
Let r = 19034 + 658245. Is r composite?
True
Suppose 0 = 2*p + 11 - 3, -3*p - 24 = -4*f. Suppose f*g - 1046 = -w, 3*w + w = -4*g + 1408. Is g prime?
True
Suppose -27*f - 66*f - 59*f = -163801432. Is f composite?
False
Let t be (-18)/(-21)*((-294)/4)/(-7). Is t/(-3) + (2 - -1400) a prime number?
True
Suppose 7*p - 6*p - 1 = 0, 0 = 3*v + 5*p - 17. Suppose 0 = -4*n + 302 + 1162. Suppose n = -v*k + 874. Is k prime?
True
Suppose -2371*n + 2477*n - 22448362 = 0. Is n composite?
False
Let j = -276 - -270. Is (-5403)/j*(7 + -3)/2 a composite number?
False
Suppose 4*k + 18 = 42. Let b(a) = -a**3 + 7*a**2 - 2*a - 22. Let r be b(k). Suppose 0 = -5*p + r*s + 10245, 2*p = 5*p + 2*s - 6163. Is p a prime number?
False
Suppose 2*k - 3*k = -46. Let f = k - -9. Let p = 70 - f. Is p prime?
False
Let n = -48 + 52. Suppose 3*r + 37 - n = 4*o, -81 = 5*r + 2*o. Is 1281*(-3)/r + (-16)/(-20) composite?
False
Let a be (-13)/(13/2) + (-8)/(-2). Suppose -2*b = -5*s + 4555, 5*b - 10*b + 1822 = a*s. Is s prime?
True
Let u(g) = 75*g - 4. Let d be u(11). Let y = -464 + d. Let s = y + -242. Is s prime?
False
Let j(s) = 295*s + 20. Let u(b) = 296*b + 31. Let h(i) = -3*j(i) + 4*u(i). Is h(3) prime?
False
Let z(s) = -4*s + 30. Let q be z(7). Suppose 2*w = 2*c + 40 - 716, 4*c - q*w - 1356 = 0. Let g = c + 41. Is g a prime number?
False
Let x(m) = 7*m**2 + 103*m - 315. Let s(j) = -11*j**2 - 154*j + 474. Let b(l) = -5*s(l) - 8*x(l). Is b(-43) composite?
True
Let m be 300/120*(2/(-10) - -1). Suppose m = 6*u - 4*u, -2*a = 5*u + 3063. Let j = 2211 + a. Is j composite?
False
Is 10981662/203 + (-2)/(-14) prime?
False
Let q be (240/14)/(43/18963). Let n = q + 793. Is n a prime number?
True
Suppose -3401*d = -3370*d - 1386289. Is d a composite number?
True
Let h(u) = 343*u**2 - 202*u + 2469. Is h(-70) prime?
True
Suppose 21*p + 475595 = 1155197. Suppose -2*k = -34*m + 32*m - p, 4*k - 3*m - 64724 = 0. Is k a composite number?
True
Suppose -3*h = -d - 434364, -3*h + 121*d + 434373 = 117*d. Is h a composite number?
True
Suppose -10*p - 5*p - 25*p + 26646680 = 0. Is p prime?
True
Suppose -82091 = 17*z - 265402. Is z composite?
True
Suppose -2*w + 53522 = -m, 2*w - 23463 - 30071 = -2*m. Suppose z = 630 + 341. Suppose 14*x = z + w. Is x a composite number?
True
Suppose -30*v + v + 15*v + 779254 = 0. Is v prime?
True
Let i be ((-108)/48)/((-2)/(-2168)). Let s = 4108 - i. Is s a composite number?
False
Let c be (-32)/(-18) + ((-1071)/(-81) - 13). Suppose c*d - 3*d + 8471 = -4*u, -5*u = -4*d + 33939. Is d prime?
False
Let q(l) = -18*l**3 - 19*l**2 - 59*l - 13. Is q(-14) composite?
True
Let x(t) = -t**2 - 6*t + 9. Let a be x(-7). Suppose 1588 = -f + p, 2*f = -2*p - a*p - 3188. Is 6/9*f/(-4)*1 composite?
True
Let k(i) = i**3 + 239. Let u = 18 - 13. Suppose 2*y = -u*r + 8, -r + 3*y - 12 = 3*r. Is k(r) a composite number?
False
Let h(r) = 14*r - 121. Let s be h(9). Suppose -w + 9362 = w - 2*i, -s*i - 14035 = -3*w. Is w a composite number?
True
Suppose 78*i - 4347133 = -1021135. Is i composite?
False
Let x(j) = 2242*j**2 - 144*j + 1033. Is x(10) a prime number?
False
Suppose 16540 + 58293 = -4*p + k, 3*p = -2*k - 56122. Let i = p - -32809. Is i a composite number?
True
Let a be (-1205)/(-3) + (-10)/(-30). Suppose -678 - a = 2*o. Let u = 793 + o. Is u composite?
True
Let c(w) be the first derivative of 5*w**2/2 + 49*w - 21. Let u be c(-11). Is -1 - 3/(-3) - 6582/u a composite number?
False
Let y be (1 - (-3267)/(-15))/(22/110). Let d = y + 1865. Is d a prime number?
False
Let k(c) be the third derivative of -17*c**4/6 - 49*c**3/6 + 154*c**2. Is k(-12) a composite number?
True
Suppose -c + 1009 = -2668. Let l = -225 + c. Is (3/(-6))/((-2)/l) a prime number?
True
Is (3 - 66/18)/(-2*(-7)/(-1175937)) composite?
False
Let q(j) = 65*j**3 + 2*j**2 + 7*j - 6. Let g be q(5). Is (g/70)/((-8)/(-20)) prime?
True
Suppose -d + 10 - 8 = t, 5*d - 5*t + 30 = 0. Let c(r) = -1776*r**3 - 2*r**2 - 14*r - 22. Is c(d) a composite number?
True
Let y = 30 + -27. Let o(p) = 165*p**3 + p**2 + 5. Let n(l) = 494*l**3 + 3*l**2 + 14. Let f(j) = y*n(j) - 8*o(j). Is f(3) a composite number?
True
Suppose 3471 = 3*z + 83*y - 78*y,